{"id":168,"date":"2025-02-18T16:43:30","date_gmt":"2025-02-18T15:43:30","guid":{"rendered":"https:\/\/churerdeutsch.ch\/?page_id=168"},"modified":"2025-03-10T15:22:15","modified_gmt":"2025-03-10T14:22:15","slug":"churer-woerterbuch","status":"publish","type":"page","link":"https:\/\/churerdeutsch.ch\/?page_id=168","title":{"rendered":"Churer W\u00f6rterbuch"},"content":{"rendered":"\n<p>Hier soll mit Hilfe der Leserinnen und Leser ein churerdeutsches W\u00f6rterbuch entstehen, das das bereits in&nbsp;<a href=\"https:\/\/oscareckhardt.jimdofree.com\/publikationen\/tschent-churerdeutsch\/\">&#171;<\/a><a href=\"https:\/\/churerdeutsch.ch\/?page_id=146\" data-type=\"page\" data-id=\"146\">Tschent-Churerdeutsch<\/a><a href=\"https:\/\/oscareckhardt.jimdofree.com\/publikationen\/tschent-churerdeutsch\/\">&#171;<\/a>&nbsp;gedruckte erweitert und erg\u00e4nzt.<\/p>\n\n\n\n<p>Danke vielmals f\u00fcr die Mitarbeit!<\/p>\n\n\n\n<p><strong>as a Goofa<\/strong>&nbsp;&#8211; als Kinder<\/p>\n\n\n\n<p><strong>dr Haida<\/strong>&nbsp;&#8211; Buchweizenmehl, vermutlich von den &#171;Heiden&#187;<br>eingef\u00fchrt.<\/p>\n\n\n\n<p><strong>isch daas as Luaga<\/strong>&nbsp;&#8211; negative Feststellung: das ist wirklich nicht sch\u00f6n<\/p>\n\n\n\n<p><strong>pirla<\/strong>&nbsp;&#8211; wie eine Birne heruntefallen und auf dem Boden<\/p>\n\n\n\n<p>weiterrollen<\/p>\n\n\n\n<p><strong>hoffentli tuani khai Pirla<\/strong>&nbsp;&#8211; hoffentlich st\u00fcrze ich nicht<\/p>\n\n\n\n<p><strong>a Sutt obtua<\/strong>&nbsp;&#8211; Wasser in die Pfanne f\u00fcllen und zum Kochen bringen<\/p>\n\n\n\n<p><strong>a Suttera<\/strong>&nbsp;&#8211; eine Ohrfeige<\/p>\n\n\n\n<p><strong>suttera loo<\/strong>&nbsp;&#8211; etwas laufen lassen, nicht abbremsen, z.B. beim Velo fahren<\/p>\n\n\n\n<p><strong>ma muass grad ds Gfell haa, dass<\/strong>&nbsp;&#8211; man muss Gl\u00fcck haben, dass &#8230;<\/p>\n\n\n\n<p><strong>Khua-Taischa<\/strong>&nbsp;&#8211; Kuhfladen<\/p>\n\n\n\n<p><strong>an uu-huara T\u00e4scha<\/strong>&nbsp;&#8211; ein riesiger Knall<\/p>\n\n\n\n<p><strong>puttna<\/strong>&nbsp;&#8211; essen<\/p>\n\n\n\n<p><strong>a Buscha<\/strong>&nbsp;&#8211; eine Kuh<\/p>\n\n\n\n<p><strong>Pall\u00f6gali<\/strong>&nbsp;&#8211; eine Mirabellenart<\/p>\n\n\n\n<p><strong>Molta giggla<\/strong>&nbsp;&#8211; im Sandkasten mit Wasser und Sand spielen<\/p>\n\n\n\n<p><\/p>\n\n\n\n<p><\/p>\n\n\n\n<p><a href=\"https:\/\/churerdeutsch.ch\/wp-content\/uploads\/2025\/03\/Woerterliste-Churerdeutsch-Graf.pdf\" data-type=\"attachment\" data-id=\"326\">Und hier noch das W\u00f6rterverzeichnis von Paul Strub zum Download<\/a><\/p>\n\n\n\n<p>Das W\u00f6rterbuch von Emil Ullius kann in der B\u00fcndner Kantonsbibliothek ausgeliehen werden.<\/p>\n\n\n\n<p>Ullius, Emil (1987):&nbsp;<em>Khurar Dial\u00e4ggt<\/em>:&nbsp;Bemerkungen betr. Schreibung und Aussprache: [alphabetisches W\u00f6rterverzeichnis]&nbsp;\/&nbsp; [hrsg. anl\u00e4sslich der Klassenzusammenkunft 1987 des Jahrgangs 1907\/07]. (unpubliziert)<\/p>\n\n\n\n<figure class=\"wp-block-image size-large\"><img loading=\"lazy\" decoding=\"async\" width=\"768\" height=\"1024\" src=\"https:\/\/churerdeutsch.ch\/wp-content\/uploads\/2025\/03\/IMG_5049-768x1024.jpeg\" alt=\"\" class=\"wp-image-364\" srcset=\"https:\/\/churerdeutsch.ch\/wp-content\/uploads\/2025\/03\/IMG_5049-768x1024.jpeg 768w, https:\/\/churerdeutsch.ch\/wp-content\/uploads\/2025\/03\/IMG_5049-225x300.jpeg 225w, https:\/\/churerdeutsch.ch\/wp-content\/uploads\/2025\/03\/IMG_5049-1152x1536.jpeg 1152w, https:\/\/churerdeutsch.ch\/wp-content\/uploads\/2025\/03\/IMG_5049-1536x2048.jpeg 1536w, https:\/\/churerdeutsch.ch\/wp-content\/uploads\/2025\/03\/IMG_5049-scaled.jpeg 1920w\" sizes=\"auto, (max-width: 768px) 100vw, 768px\" \/><figcaption class=\"wp-element-caption\">Plessurquai vom Caf\u00e9 Zschaler aus. (Foto Oscar Eckhardt)<\/figcaption><\/figure>\n","protected":false},"excerpt":{"rendered":"<p>Hier soll mit Hilfe der Leserinnen und Leser ein churerdeutsches W\u00f6rterbuch entstehen, das das bereits in&nbsp;&#171;Tschent-Churerdeutsch&#171;&nbsp;gedruckte erweitert und erg\u00e4nzt. Danke vielmals f\u00fcr die Mitarbeit! as a Goofa&nbsp;&#8211; als Kinder dr Haida&nbsp;&#8211; Buchweizenmehl, vermutlich von den &#171;Heiden&#187;eingef\u00fchrt. isch daas as Luaga&nbsp;&#8211; negative Feststellung: das ist wirklich nicht sch\u00f6n pirla&nbsp;&#8211; wie eine Birne heruntefallen und auf dem [&hellip;]<\/p>\n","protected":false},"author":2,"featured_media":0,"parent":0,"menu_order":60,"comment_status":"closed","ping_status":"closed","template":"","meta":{"footnotes":""},"class_list":["post-168","page","type-page","status-publish","hentry"],"_links":{"self":[{"href":"https:\/\/churerdeutsch.ch\/index.php?rest_route=\/wp\/v2\/pages\/168","targetHints":{"allow":["GET"]}}],"collection":[{"href":"https:\/\/churerdeutsch.ch\/index.php?rest_route=\/wp\/v2\/pages"}],"about":[{"href":"https:\/\/churerdeutsch.ch\/index.php?rest_route=\/wp\/v2\/types\/page"}],"author":[{"embeddable":true,"href":"https:\/\/churerdeutsch.ch\/index.php?rest_route=\/wp\/v2\/users\/2"}],"replies":[{"embeddable":true,"href":"https:\/\/churerdeutsch.ch\/index.php?rest_route=%2Fwp%2Fv2%2Fcomments&post=168"}],"version-history":[{"count":8,"href":"https:\/\/churerdeutsch.ch\/index.php?rest_route=\/wp\/v2\/pages\/168\/revisions"}],"predecessor-version":[{"id":399,"href":"https:\/\/churerdeutsch.ch\/index.php?rest_route=\/wp\/v2\/pages\/168\/revisions\/399"}],"wp:attachment":[{"href":"https:\/\/churerdeutsch.ch\/index.php?rest_route=%2Fwp%2Fv2%2Fmedia&parent=168"}],"curies":[{"name":"wp","href":"https:\/\/api.w.org\/{rel}","templated":true}]}}