{"id":148,"date":"2025-02-18T11:25:21","date_gmt":"2025-02-18T10:25:21","guid":{"rendered":"https:\/\/churerdeutsch.ch\/?page_id=148"},"modified":"2025-03-02T16:46:25","modified_gmt":"2025-03-02T15:46:25","slug":"die-mundart-der-stadt-chur","status":"publish","type":"page","link":"https:\/\/churerdeutsch.ch\/?page_id=148","title":{"rendered":"Die Mundart der Stadt Chur"},"content":{"rendered":"\n<figure class=\"wp-block-image size-full\"><img loading=\"lazy\" decoding=\"async\" width=\"229\" height=\"361\" src=\"https:\/\/churerdeutsch.ch\/wp-content\/uploads\/2025\/02\/image-3-1.jpg\" alt=\"\" class=\"wp-image-161\" srcset=\"https:\/\/churerdeutsch.ch\/wp-content\/uploads\/2025\/02\/image-3-1.jpg 229w, https:\/\/churerdeutsch.ch\/wp-content\/uploads\/2025\/02\/image-3-1-190x300.jpg 190w\" sizes=\"auto, (max-width: 229px) 100vw, 229px\" \/><\/figure>\n\n\n\n<p><strong>Dissertation<\/strong><\/p>\n\n\n\n<p>Es ist das Ziel dieser Arbeit aus dem Jahr 1991, zw\u00f6lf typische Vertreter der Churer Ortsmundart vorzustellen. &#171;Typisch&#187; heisst in diesem Zusammenhang, dass die ausgew\u00e4hlten Gew\u00e4hrspersonen eine relativ unbeeinflusste Mundart sprechen, in ihrer Sprechergeneration eine relativ homogene Gruppe bilden und somit eine Art Churer Standard-Mundart vertreten. [\u2026] Diese Zielsetzung bedeutet aber nicht, dass die Sprecherinnen und Sprecher alle genau dieselbe Mundart spr\u00e4chen. Wir wollen hier vielmehr eine Art Bestandesaufnahme machen: wie spricht die Bev\u00f6lkerung von Chur, die in Chur aufgewachsen ist und mindestens einen Elternteil von Chur hat? Altersspezifische Differenzen m\u00fcssen erwartet werden, ebenso idiolektale Auspr\u00e4gungen. Das nun vorliegende Material hat aber nur eine deskriptive Funktion und erhebt keinesfalls den Anspruch, auch normativ zu wirken. <\/p>\n\n\n\n<p>Beschrieben wird in dieser strukturalistischen Arbeit in erster Linie das System der betonten Vokale und die Verbalmorphologie einiger ausgew\u00e4hlter Verben. Einen dritten Schwerpunkt bilden die Gespr\u00e4che mit den Gew\u00e4hrspersonen, die in Ausz\u00fcgen phonetisch genau transkribiert wurden.  <\/p>\n\n\n\n<p>Wo sich gute Vergleichsm\u00f6glichkeiten ergaben, wurden auch \u00e4ltere Erhebungen mit Aussagen \u00fcber die Churer Mundart beigezogen. Eine diaphasische Betrachtung mit R\u00fcckschl\u00fcssen auf die Diachronie ergibt sich dann aus dem Vergleich und der Wertung der Daten der einzelnen Gew\u00e4hrspersonen.<\/p>\n\n\n\n<p>Dissertation mit Tonkassette.<br>Verlag des Phonogrammarchivs der Uni Z\u00fcrich<br>Das Werk kann gratis unter dem folgenden Link heruntergeladen werden:<br><a href=\"https:\/\/publikationen.ub.uni-frankfurt.de\/frontdoor\/index\/index\/docId\/34403\">https:\/\/publikationen.ub.uni-frankfurt.de\/frontdoor\/index\/index\/docId\/34403<\/a><\/p>\n\n\n\n<p>Tonbeispiele:<br>Schreiben Sie mir eine Nachricht, damit ich Ihnen den Downloadlink zustellen kann. <a href=\"https:\/\/churerdeutsch.ch\/?page_id=68\" data-type=\"page\" data-id=\"68\">Kontakt<\/a><\/p>\n\n\n\n<p>Bibliografische Angaben:<br>Oscar Eckhardt<br>Die Mundart der Stadt Chur.<br>(Schweizer Dialekte in Text und Ton. Begleittexte zu den Sprechplatten und Kassetten des Phonogrammarchivs der Universit\u00e4t Z\u00fcrich.<br>IV Romanisch und Deutsch am Hinterrhein \/GR. Band 9. Kassette ZLRG 9))<br>Verlag des Phonogrammarchivs der Universit\u00e4t Z\u00fcrich. <\/p>\n\n\n\n<p><\/p>\n","protected":false},"excerpt":{"rendered":"<p>Dissertation Es ist das Ziel dieser Arbeit aus dem Jahr 1991, zw\u00f6lf typische Vertreter der Churer Ortsmundart vorzustellen. &#171;Typisch&#187; heisst in diesem Zusammenhang, dass die ausgew\u00e4hlten Gew\u00e4hrspersonen eine relativ unbeeinflusste Mundart sprechen, in ihrer Sprechergeneration eine relativ homogene Gruppe bilden und somit eine Art Churer Standard-Mundart vertreten. [\u2026] Diese Zielsetzung bedeutet aber nicht, dass die [&hellip;]<\/p>\n","protected":false},"author":2,"featured_media":0,"parent":73,"menu_order":25,"comment_status":"closed","ping_status":"closed","template":"","meta":{"footnotes":""},"class_list":["post-148","page","type-page","status-publish","hentry"],"_links":{"self":[{"href":"https:\/\/churerdeutsch.ch\/index.php?rest_route=\/wp\/v2\/pages\/148","targetHints":{"allow":["GET"]}}],"collection":[{"href":"https:\/\/churerdeutsch.ch\/index.php?rest_route=\/wp\/v2\/pages"}],"about":[{"href":"https:\/\/churerdeutsch.ch\/index.php?rest_route=\/wp\/v2\/types\/page"}],"author":[{"embeddable":true,"href":"https:\/\/churerdeutsch.ch\/index.php?rest_route=\/wp\/v2\/users\/2"}],"replies":[{"embeddable":true,"href":"https:\/\/churerdeutsch.ch\/index.php?rest_route=%2Fwp%2Fv2%2Fcomments&post=148"}],"version-history":[{"count":4,"href":"https:\/\/churerdeutsch.ch\/index.php?rest_route=\/wp\/v2\/pages\/148\/revisions"}],"predecessor-version":[{"id":319,"href":"https:\/\/churerdeutsch.ch\/index.php?rest_route=\/wp\/v2\/pages\/148\/revisions\/319"}],"up":[{"embeddable":true,"href":"https:\/\/churerdeutsch.ch\/index.php?rest_route=\/wp\/v2\/pages\/73"}],"wp:attachment":[{"href":"https:\/\/churerdeutsch.ch\/index.php?rest_route=%2Fwp%2Fv2%2Fmedia&parent=148"}],"curies":[{"name":"wp","href":"https:\/\/api.w.org\/{rel}","templated":true}]}}